 be the third derivative of -1/120*y**6 - 1/6*y**3 + y**2 - 1/60*y**5 + 1/8*y**4 + 0 + 0*y. What is j(2)?
-7
Let g(n) be the third derivative of n**4/12 - 2*n**3/3 + 8*n**2. What is g(5)?
6
Let v(m) = m**3 - 2*m. Suppose -p + 4*k + 11 = -0*k, -4*p - 4*k = -4. Suppose p*o + 11 = -2*a, a + 2*o - 4*o - 12 = 0. Determine v(a).
4
Let s(o) = o - 2. Suppose 4*z - 10 = 10. Suppose -36 = -z*r - 86. Let u be 3/5 + (-24)/r. What is s(u)?
1
Let n(u) = u**3 - 7*u**2 + 6*u - 7. Let t = 1 + 5. Calculate n(t).
-7
Let f(v) = -v + 2. Let g(q) = -q**3 - 11*q**2 + q + 7. Let n be g(-11). Calculate f(n).
6
Suppose 0 = -l - 3*l + 3*a - 31, 5 = a. Let w(p) = -4*p**2 - p**3 - 2*p + 6 + 2*p**2 - p**2 + 8*p. Give w(l).
-2
Let x be ((-2)/5)/(1/(-15)). Let w(n) = -n**3 - 6*n + 7. Let o(c) = c**3 - c**2 + 6*c - 6. Let f(r) = x*o(r) + 5*w(r). What is f(5)?
4
Let s(o) = o**3 + o**2 + 2*o + 2. Let f be -4*(-2 + 20/8). Determine s(f).
-6
Let q be (-10)/(-4)*4/5. Let a(t) = 3*t - 9. Let y be a(4). Let k(g) = g**y + 0*g + g - q*g - 1. Determine k(-1).
-1
Let u(a) be the second derivative of a**5/20 - a**4/3 - 5*a**3/6 - a**2 - 2*a. Calculate u(4).
-22
Let l(i) = 5*i - 3. Let j(w) = 2*w. Let q = 5 + -7. Let d(m) = q*l(m) + 6*j(m). Give d(-5).
-4
Let l(n) = n. Let x be l(6). Suppose 26 = 4*q + x. Let y(u) = 1 - 5*u**2 - q*u - 3*u**3 + 3*u**2 + 2*u**3 + 7*u**2. Calculate y(4).
-3
Let t = 2 + -1. Let z be 1 + (3 - 1 - t). Let i(c) = 3*c**3 - 2 - z*c + 2*c**2 + c**2 - 4*c**3. What is i(2)?
-2
Let k(n) = n - 6. Let f be (-2)/4 + 132/24. Determine k(f).
-1
Let g(t) = -5*t + 4. Let f be (35/(-2))/(-5) + 4/8. Give g(f).
-16
Let x(n) be the first derivative of n**6/60 - n**5/120 - n**4/24 + n**3/3 + 3. Let f(s) be the third derivative of x(s). Let w = 2 - 3. Calculate f(w).
6
Let i(w) = w + 7. Suppose 0 = 2*d + 4*q + 16, -d = -2*d + 2*q - 4. Calculate i(d).
1
Suppose -l + 0*l - 5 = 0. Let o be (-1)/(16/l + 3). Let z(w) = 6 - 6*w + 2*w + 2*w. Calculate z(o).
-4
Let j be (-3 - 0) + -1 + 6. Let l(o) = -o**2 + 3 + o**3 + 2 - 4 - 3*o. Give l(j).
-1
Let h be ((-7)/2)/(4 - 18/4). Let i(w) = -w**3 + 8*w**2 - 9*w + 10. Determine i(h).
-4
Let n(i) = -i**2 + i. Let q(u) = -2*u**2 + 2*u + 1. Let c(f) = 11*n(f) - 6*q(f). Suppose 0 = -5*h + 3*h. Calculate c(h).
-6
Let m(s) = s**3 + 6*s**2 + 3*s - 5. Let r = 131 - 135. Determine m(r).
15
Suppose -3*z - 1 = -7. Suppose z = 4*q - 10. Let r(c) = -2*c. Give r(q).
-6
Suppose 2*h + y - 33 = -2*y, h + 3*y = 18. Suppose -h = 4*d + 1. Let g(q) = -q**2 - 3*q - 2. Give g(d).
-6
Suppose -7 - 5 = -3*v. Suppose -25 = -3*w - 2*y, -4*w - 2*y = w - 35. Let j(o) = -4*o. Let g(p) = 6*p. Let q(x) = w*g(x) + 8*j(x). Calculate q(v).
-8
Suppose -2*k + o + 0*o + 13 = 0, -5*k = -3*o - 34. Let r(j) = 6*j - 8. Let u(x) = x - 1. Let l(d) = k*u(d) - r(d). Give l(0).
3
Let v be (3 + 1)*5/10. Let j(x) = 11*x**2 + x - 4 + 3*x - 10*x**v. Give j(-6).
8
Let o(t) = t**3 - 7*t**2 + 6*t + 2. Let g(n) = -n**2 - 5*n + 5. Let h = -9 - -3. Let x be g(h). Let u = x - -7. Determine o(u).
2
Let y(l) = 2*l**2 - 4*l - 5. Let o(b) = 5*b**2 - 8*b - 11. Let i(f) = -3*o(f) + 7*y(f). Give i(-3).
1
Let z = -14 - -11. Let y(r) = -3*r**3 - 9*r**2 + 3*r - 7. Let v(n) = -n**3 - 3*n**2 + n - 2. Let t = -5 - 2. Let c(h) = t*v(h) + 2*y(h). Calculate c(z).
3
Let h(p) = p**2 - 2*p - 7. Let i be (-18)/(-4) + 2/4. Determine h(i).
8
Suppose 2*i = -x + 1, 5 = -4*i - i. Let d(j) = -x*j**2 - 2*j**2 + 4 - 7*j - j**3 + 10*j**2. Calculate d(4).
-8
Let y = 125 + -130. Let b(w) = 3*w + w**2 + 4*w + w**2. Determine b(y).
15
Let m(l) = -2*l + 4. Let j(s) be the first derivative of -s - 2. Let y(f) = -2*j(f) - m(f). Let c(q) = -q**3 - 4*q**2 - 2*q + 1. Let t be c(-3). Calculate y(t).
-6
Let f(k) = -k**2 + k - 4. Suppose 0 = -2*m - z + 3, 0*z + 9 = 5*m + 2*z. Suppose 2*u = 4*g - 0*u, m*g = u. Determine f(g).
-4
Let g(q) = q**3 - 6*q**2 + 4*q - 3. Suppose 6*x + 10 = 2*d + 2*x, 3*d + 4*x - 15 = 0. Determine g(d).
-8
Suppose 2*z = 6*z + 12. Let o(u) = -9*u - 15. Let f(k) = -2*k - 3. Let l(p) = 11*f(p) - 2*o(p). Determine l(z).
9
Let k be (1/(-2))/(1/(-8)). Suppose -k*v - c + 3 = 0, 0 = 5*v + c - 3 - 1. Let p(b) = 3 + v + 0 - 1 + 3*b. Determine p(-3).
-6
Let x = 24 - 34. Let n = x + 4. Let j(f) = -f**2 - 4*f + 8. Give j(n).
-4
Let y(q) = -q**3 - 9*q**2 - 11*q - 5. Let i be y(-8). Suppose -3*r = i + 8. Let x(j) = -j - 4. Let k be x(r). Let c(p) = p**2 - 4*p - 3. Determine c(k).
2
Let i(r) be the first derivative of 1/6*r**3 - 2*r + 1 + 5/2*r**2. Let h(g) be the first derivative of i(g). What is h(4)?
9
Let v(w) = -3*w - 7. Let t(b) = 16*b + 34. Let l(o) = -2*t(o) - 11*v(o). Let j(d) = 6*d + 1. Let s be j(-1). Determine l(s).
4
Let r(x) = -x + 3*x + 3*x. Let z be r(4). Suppose z + 0 = 4*p. Let v(q) = -q + 5. What is v(p)?
0
Let x(r) = r**3 - 3*r**2 + 3*r - 2. Let p(k) = k**3 + k**2 + k + 2. Let m be p(0). Let u be (-5 + 2)/(1 - m). Suppose 6*b - 6 = u*b. What is x(b)?
0
Let w(j) = 2*j + 3 - 3*j - 6. Let x be (6 + 1)*(8 - 7). Suppose 4*n = -d - 16, -4*d + x + 4 = n. Determine w(n).
2
Let v(l) be the first derivative of l**4/12 + 5*l**3/6 + 5*l**2/2 + 6*l + 1. Let g(k) be the first derivative of v(k). Calculate g(-4).
1
Let m be (-9)/(-3) - (-7)/(-1). Let i = -3 - m. Let c(r) = 1 - i + 4*r + 3. Determine c(-2).
-5
Let n(d) be the third derivative of d**6/120 + d**5/60 - d**4/12 - 2*d**3/3 + 20*d**2. Give n(-3).
-16
Let b(p) = 1 - 41*p + 16*p + 3 + 23*p. Determine b(0).
4
Let t = -5 + 8. Let m(o) = -6*o**2 + 0*o + o**2 + o**t - 2*o + 7*o + 1. What is m(4)?
5
Let u(l) = l**3 - 4*l**2 - 2*l + 2. Suppose -5*c + 2*c = r + 14, -21 = 2*c + 3*r. Let p = -4 + 6. Let w be (-9 - c)*-1 - p. Determine u(w).
-6
Let d be (0 + (-6)/9)/(-9 + 5). Let f(n) be the third derivative of 0*n + 3*n**2 - 1/60*n**5 - 2/3*n**3 + 0 - d*n**4. Give f(-3).
-1
Let y = -10 - -19. Let f = -16 + y. Let r = f - -7. Let q(s) = -s**3 - s**2 + s + 7. Calculate q(r).
7
Let j(s) = 2*s**3 - 2*s**2 - 2*s. Let n(i) = i**3 - i**2 - i. Let f(a) = 2*j(a) - 3*n(a). Suppose 2*m - 5*m = 6. What is f(m)?
-10
Suppose 4*d + 4 = -4*x, 2*x = 7*x + 4*d. Let n(k) = 3*k - 5. Give n(x).
7
Let k be (4 - 2)/((-1)/(-2)). Let w(x) = -x + 8. Let z be w(k). Let l(r) = 3*r - 3 + 3 - z. Calculate l(4).
8
Suppose -3*g + g = 2. Let y be 2/((g - -3) + -1). Let f(n) be the first derivative of n**4/4 - n**3/3 + 2*n**2 - 3*n + 2. Give f(y).
9
Let m(i) = i**2 - 9*i + 8. Let k(s) = 2 + 7 - 8*s - 11. Let f be k(-1). Determine m(f).
-10
Let v(z) = 6 - z**2 - 5*z - 9 + 7. What is v(-6)?
-2
Suppose 4 = 4*t - 28. Let g(l) = l**2 - 8*l - 2. Give g(t).
-2
Let g(f) = 5*f - 1. Let x = -3 + 0. Let n(s) = 2*s**2 + 4*s - 1. Let w be n(x). Suppose w*o + 7 - 2 = 0. What is g(o)?
-6
Let m be 30/7 + (-8)/28. Let l(u) = -5*u - m + 10 - 3*u**2 + 2*u**2. Determine l(-6).
0
Let i be (-3)/((10 - 8) + (-7)/2). Let t(w) = w**3 + 2*w**2 - w. What is t(i)?
14
Let s(q) = -q**3 - 4*q**2 - q + 2. Let z(d) = 3*d + 8. Let i be z(-4). Calculate s(i).
6
Let v(w) = w**2 + 8*w + 12. Let d be v(-6). Let c(x) = x + 10. What is c(d)?
10
Let m be (-4)/6*(5 + -11). Suppose -2*s = 2*s + m. Let j(l) = -3*l**3 + l + 1. What is j(s)?
3
Let u(t) = -t**3 - 8*t**2 - 2*t + 41. Let k be u(-7). Let h(b) = -b**2 + 5*b + 7. Determine h(k).
1
Let k = 7 + -4. Let h(a) = -6*a - 7 + k + 3*a. What is h(-4)?
8
Let d = -15 - -10. Let v(o) = o**3 + 6*o**2 + 7*o + 7. Let r be v(d). Let s(k) = -k**2 - 3*k + 4. What is s(r)?
4
Let g(o) = -4*o - 5. Let m(i) = -2*i - 2. Let t(u) = -2*g(u) + 5*m(u). Let n be (-24)/60 - -16*2/5. Give t(n).
-12
Let i = -22 - -13. Let u(g) = -13*g**2 - 13*g - 4. Suppose 2*o + 0*o + 4 = 0. Let a(v) = 3*v**2 + 3*v + 1. Let k(q) = i*a(q) + o*u(q). Determine k(0).
-1
Let m be 8/(-12) - 41/(-3). Let f = 14 - m. Let j(u) = -7*u + 1. Calculate j(f).
-6
Let y be (2 + 0/2)*-8. Let a be 2/(-8) + (-100)/y. Let c(g) = a*g + 5*g - 2*g. Calculate c(1).
9
Let g(r) = r**2 - 2*r - 5. Let c(l) = -l**2 + 3*l + 2. Let w be c(2). Determine g(w).
3
Let b(u) = u - 1. Let n(x) = -x**2 - 5*x + 19. Let a be n(-8). Calculate b(a).
-6
Suppose -2*k - 3*k + 45 = 0. Let m(n) = -8*n - 7 - 2*n + k*n. Calculate m(-4).
-3
Let d be 3/(-9) + 26/6. Let b = 1 + 3. Let s(q) = -q**2 + 3*q - q**2 + b + q**2. Give s(d).
0
Suppose -4*q + 0*q + 8 = 0. Let n(i) = -4 - i**2 + 3*i + q*